{"id":1042,"date":"2025-12-27T20:52:45","date_gmt":"2025-12-27T19:52:45","guid":{"rendered":"https:\/\/zagalak.rezerwuj-zabieg.pl\/?page_id=1042"},"modified":"2026-01-05T15:02:41","modified_gmt":"2026-01-05T14:02:41","slug":"szkolenia","status":"publish","type":"page","link":"https:\/\/zagalak.rezerwuj-zabieg.pl\/?page_id=1042","title":{"rendered":"Szkolenia"},"content":{"rendered":"<div class=\"wpb-content-wrapper\"><p>[vc_row full_width=&#8221;stretch_row&#8221; content_placement=&#8221;middle&#8221; css=&#8221;.vc_custom_1766345667121{padding-top: 50px !important;background-color: #F1F8FF !important;}&#8221;][vc_column width=&#8221;7\/12&#8243; ct_column_class=&#8221;rm-padding-lg&#8221; css=&#8221;.vc_custom_1544860888100{padding-top: 0px !important;padding-right: 50px !important;padding-bottom: 0px !important;}&#8221;][ct_heading text=&#8221;Spersonalizowany rozw\u00f3j zawodowy pod okiem eksperta&#8221; font_weight=&#8221;&#8221; text_color=&#8221;#2E5688&#8243; subtitle=&#8221;Szkolenia indywidualne &#8211; praktyczna droga do mistrzostwa klinicznego&#8221; description=&#8221;Klinika Zagalak oferuje unikalne szkolenia indywidualne dla lekarzy stomatolog\u00f3w, prowadzone przez dr n. med. Rafa\u0142a Zagalaka. Wierzymy, \u017ce prawdziwe umiej\u0119tno\u015bci zdobywa si\u0119 poprzez do\u015bwiadczenie kliniczne pod merytorycznym nadzorem ekspert\u00f3w z wieloletnim do\u015bwiadczeniem.&#8221; description_line_height=&#8221;30&#8243; description_color=&#8221;#2E5688&#8243; margin_top=&#8221;25&#8243; margin_bottom=&#8221;16&#8243;][\/vc_column][vc_column width=&#8221;5\/12&#8243; css=&#8221;.vc_custom_1544860883634{padding-top: 0px !important;padding-bottom: 0px !important;}&#8221;][vc_single_image image=&#8221;1127&#8243; img_size=&#8221;full&#8221; alignment=&#8221;right&#8221; css_animation=&#8221;none&#8221; css=&#8221;.vc_custom_1767022084283{margin-bottom: 0px !important;}&#8221; ct_image_align_md=&#8221;image_align_sm_center&#8221; ct_image_align=&#8221;image_align_xs_center&#8221;][\/vc_column][\/vc_row][vc_row full_width=&#8221;stretch_row&#8221; content_placement=&#8221;middle&#8221; css=&#8221;.vc_custom_1766346012695{padding-top: 30px !important;padding-bottom: 30px !important;background-color: #FFFFFF !important;}&#8221;][vc_column width=&#8221;5\/12&#8243; css=&#8221;.vc_custom_1544860883634{padding-top: 0px !important;padding-bottom: 0px !important;}&#8221;][vc_single_image image=&#8221;933&#8243; img_size=&#8221;full&#8221; alignment=&#8221;right&#8221; css_animation=&#8221;none&#8221; css=&#8221;.vc_custom_1767022096635{margin-bottom: 0px !important;}&#8221; ct_image_align_md=&#8221;image_align_sm_center&#8221; ct_image_align=&#8221;image_align_xs_center&#8221;][\/vc_column][vc_column width=&#8221;7\/12&#8243; ct_column_class=&#8221;rm-padding-lg&#8221; css=&#8221;.vc_custom_1544860888100{padding-top: 0px !important;padding-right: 50px !important;padding-bottom: 0px !important;}&#8221;][ct_heading text=&#8221;Dlaczego warto wybra\u0107 nasze szkolenia?&#8221; font_weight=&#8221;&#8221; text_color=&#8221;#2E5688&#8243; description_line_height=&#8221;30&#8243; description_color=&#8221;#000000&#8243; margin_top=&#8221;25&#8243; margin_bottom=&#8221;16&#8243;][vc_column_text css=&#8221;&#8221;]<\/p>\n<ul style=\"color: #2E5688;\">\n<li>Indywidualny program &#8211; ka\u017cde szkolenie jest precyzyjnie dostosowane do Twoich potrzeb, poziomu zaawansowania i cel\u00f3w zawodowych<\/li>\n<li>Nauka w realnych warunkach &#8211; szkolenia odbywaj\u0105 si\u0119 w funkcjonuj\u0105cej klinice, co zapewnia autentyczne do\u015bwiadczenie kliniczne<\/li>\n<li>Bezpo\u015bredni mentoring &#8211; osobisty nadz\u00f3r i wsparcie dr n. med. Rafa\u0142a Zagalaka podczas ka\u017cdego etapu szkolenia<\/li>\n<li>Praktyczne podej\u015bcie &#8211; koncentracja na umiej\u0119tno\u015bciach manualnych i procedurach, kt\u00f3re mo\u017cesz natychmiast wdro\u017cy\u0107 w swojej praktyce<\/li>\n<\/ul>\n<p>[\/vc_column_text][\/vc_column][\/vc_row][vc_row full_width=&#8221;stretch_row&#8221; content_placement=&#8221;middle&#8221; css=&#8221;.vc_custom_1766345657505{background-color: #F1F8FF !important;}&#8221;][vc_column width=&#8221;7\/12&#8243; ct_column_class=&#8221;rm-padding-lg&#8221; css=&#8221;.vc_custom_1544860888100{padding-top: 0px !important;padding-right: 50px !important;padding-bottom: 0px !important;}&#8221;][ct_heading text=&#8221;Obszary specjalistyczne&#8221; font_weight=&#8221;&#8221; text_color=&#8221;#2E5688&#8243; description_line_height=&#8221;30&#8243; description_color=&#8221;#000000&#8243; margin_top=&#8221;25&#8243; margin_bottom=&#8221;16&#8243;][vc_column_text css=&#8221;&#8221;]<\/p>\n<h3>Implantologia praktyczna<\/h3>\n<p>Zdob\u0105d\u017a umiej\u0119tno\u015bci planowania i przeprowadzania zabieg\u00f3w implantologicznych, kt\u00f3re pozwol\u0105 Ci rozszerzy\u0107 zakres us\u0142ug i zwi\u0119kszy\u0107 satysfakcj\u0119 pacjent\u00f3w. Od podstawowych protoko\u0142\u00f3w implantacji po zaawansowane techniki augmentacji ko\u015bci i zarz\u0105dzania tkankami mi\u0119kkimi.<\/p>\n<h3>Endodoncja kliniczna<\/h3>\n<p>Opanuj nowoczesne techniki leczenia kana\u0142owego, kt\u00f3re zwi\u0119ksz\u0105 przewidywalno\u015b\u0107 Twoich zabieg\u00f3w i pozwol\u0105 uratowa\u0107 z\u0119by w przypadkach uznawanych za beznadziejne. Szkolenia obejmuj\u0105 prac\u0119 z mikroskopem zabiegowym i zaawansowanymi systemami narz\u0119dzi endodontycznych.<\/p>\n<h3>Protetyka funkcjonalna i estetyczna<\/h3>\n<p>Podnie\u015b swoje umiej\u0119tno\u015bci w zakresie nowoczesnej protetyki, \u0142\u0105cz\u0105cej najwy\u017csze standardy funkcjonalne z doskona\u0142ymi efektami estetycznymi. Od planowania przypadk\u00f3w po protoko\u0142y preparacji i cementowania.<\/p>\n<p>&nbsp;<\/p>\n<h5>Zainteresowanych lekarzy zapraszamy do bezpo\u015bredniego kontaktu:<\/h5>\n<p>dr n. med. Rafa\u0142 Zagalak<\/p>\n<p><a href=\"mailto:rafal@zagalak.pl\" target=\"_blank\" rel=\"noopener\">rafal@zagalak.pl<\/a><\/p>\n<p>Zainwestuj w rozw\u00f3j, kt\u00f3ry przyniesie wymierne korzy\u015bci Tobie i Twoim pacjentom. Liczba miejsc ograniczona &#8211; zapewnij sobie mo\u017cliwo\u015b\u0107 nauki w kameralnych warunkach pod okiem uznanych ekspert\u00f3w.[\/vc_column_text][\/vc_column][vc_column width=&#8221;5\/12&#8243; css=&#8221;.vc_custom_1544860883634{padding-top: 0px !important;padding-bottom: 0px !important;}&#8221;][vc_single_image image=&#8221;1115&#8243; img_size=&#8221;full&#8221; alignment=&#8221;right&#8221; css_animation=&#8221;none&#8221; css=&#8221;.vc_custom_1767022102450{margin-bottom: 0px !important;}&#8221; ct_image_align_md=&#8221;image_align_sm_center&#8221; ct_image_align=&#8221;image_align_xs_center&#8221;][\/vc_column][\/vc_row][vc_row full_width=&#8221;stretch_row&#8221; css=&#8221;.vc_custom_1766332733057{padding-top: 56px !important;padding-bottom: 120px !important;background-color: #F8FBFF !important;}&#8221;][vc_column width=&#8221;1\/2&#8243; ct_column_class=&#8221;rm-padding-md&#8221; css=&#8221;.vc_custom_1545195619725{padding-top: 64px !important;padding-right: 35px !important;}&#8221;][ct_contact_form id=&#8221;518&#8243; form_style=&#8221;modern&#8221; sub_title=&#8221;Masz pytania? Chcesz si\u0119 zapisa\u0107 na wizyt\u0119?&#8221; title=&#8221;Skontaktuj si\u0119 z nami&#8221;][\/vc_column][vc_column width=&#8221;1\/2&#8243; ct_column_class=&#8221;rm-padding-md&#8221; css=&#8221;.vc_custom_1545195625522{padding-top: 64px !important;padding-left: 35px !important;}&#8221;][vc_single_image image=&#8221;861&#8243; img_size=&#8221;full&#8221; alignment=&#8221;center&#8221; css=&#8221;.vc_custom_1766332765737{margin-bottom: 46px !important;}&#8221;][ct_heading text=&#8221;Klinika Zagalak&#8221; font_size=&#8221;50&#8243; font_size_md=&#8221;50&#8243; font_size_sm=&#8221;36&#8243; font_size_xs=&#8221;32&#8243; font_weight=&#8221;&#8221; description=&#8221;W Klinice Zagalak jako\u015b\u0107 nie jest celem \u2013 jest standardem. Ka\u017cdy etap leczenia, od pierwszej konsultacji po finaln\u0105 kontrol\u0119, realizujemy z najwy\u017csz\u0105 staranno\u015bci\u0105 i dba\u0142o\u015bci\u0105 o szczeg\u00f3\u0142y. Wykorzystujemy wy\u0142\u0105cznie sprawdzone materia\u0142y i technologie o potwierdzonej skuteczno\u015bci klinicznej. Bezpiecze\u0144stwo procedur medycznych weryfikujemy w oparciu o najnowsze badania naukowe i mi\u0119dzynarodowe standardy.&#8221; description_color=&#8221;#2E5688&#8243; margin_top=&#8221;4&#8243; margin_bottom=&#8221;20&#8243;][\/vc_column][\/vc_row]<\/p>\n<\/div>","protected":false},"excerpt":{"rendered":"<p>[vc_row full_width=&#8221;stretch_row&#8221; content_placement=&#8221;middle&#8221; css=&#8221;.vc_custom_1766345667121{padding-top: 50px !important;background-color: #F1F8FF !important;}&#8221;][vc_column width=&#8221;7\/12&#8243; ct_column_class=&#8221;rm-padding-lg&#8221; css=&#8221;.vc_custom_1544860888100{padding-top: 0px !important;padding-right: 50px !important;padding-bottom: 0px !important;}&#8221;][ct_heading text=&#8221;Spersonalizowany rozw\u00f3j zawodowy pod okiem eksperta&#8221; font_weight=&#8221;&#8221; text_color=&#8221;#2E5688&#8243; subtitle=&#8221;Szkolenia indywidualne &#8211; praktyczna droga do mistrzostwa klinicznego&#8221; description=&#8221;Klinika Zagalak oferuje unikalne szkolenia indywidualne dla lekarzy stomatolog\u00f3w, prowadzone przez dr n. med. Rafa\u0142a Zagalaka. Wierzymy, \u017ce prawdziwe umiej\u0119tno\u015bci zdobywa si\u0119 [&hellip;]<\/p>\n","protected":false},"author":1,"featured_media":0,"parent":0,"menu_order":0,"comment_status":"closed","ping_status":"closed","template":"","meta":{"footnotes":""},"class_list":["post-1042","page","type-page","status-publish","hentry"],"_links":{"self":[{"href":"https:\/\/zagalak.rezerwuj-zabieg.pl\/index.php?rest_route=\/wp\/v2\/pages\/1042","targetHints":{"allow":["GET"]}}],"collection":[{"href":"https:\/\/zagalak.rezerwuj-zabieg.pl\/index.php?rest_route=\/wp\/v2\/pages"}],"about":[{"href":"https:\/\/zagalak.rezerwuj-zabieg.pl\/index.php?rest_route=\/wp\/v2\/types\/page"}],"author":[{"embeddable":true,"href":"https:\/\/zagalak.rezerwuj-zabieg.pl\/index.php?rest_route=\/wp\/v2\/users\/1"}],"replies":[{"embeddable":true,"href":"https:\/\/zagalak.rezerwuj-zabieg.pl\/index.php?rest_route=%2Fwp%2Fv2%2Fcomments&post=1042"}],"version-history":[{"count":5,"href":"https:\/\/zagalak.rezerwuj-zabieg.pl\/index.php?rest_route=\/wp\/v2\/pages\/1042\/revisions"}],"predecessor-version":[{"id":1246,"href":"https:\/\/zagalak.rezerwuj-zabieg.pl\/index.php?rest_route=\/wp\/v2\/pages\/1042\/revisions\/1246"}],"wp:attachment":[{"href":"https:\/\/zagalak.rezerwuj-zabieg.pl\/index.php?rest_route=%2Fwp%2Fv2%2Fmedia&parent=1042"}],"curies":[{"name":"wp","href":"https:\/\/api.w.org\/{rel}","templated":true}]}}