{"id":1035,"date":"2025-12-27T20:46:36","date_gmt":"2025-12-27T19:46:36","guid":{"rendered":"https:\/\/zagalak.rezerwuj-zabieg.pl\/?page_id=1035"},"modified":"2026-01-05T15:00:59","modified_gmt":"2026-01-05T14:00:59","slug":"lekarze","status":"publish","type":"page","link":"https:\/\/zagalak.rezerwuj-zabieg.pl\/?page_id=1035","title":{"rendered":"Lekarze"},"content":{"rendered":"<div class=\"wpb-content-wrapper\"><p>[vc_row full_width=&#8221;stretch_row&#8221; content_placement=&#8221;middle&#8221; css=&#8221;.vc_custom_1766345667121{padding-top: 50px !important;background-color: #F1F8FF !important;}&#8221;][vc_column width=&#8221;7\/12&#8243; ct_column_class=&#8221;rm-padding-lg&#8221; css=&#8221;.vc_custom_1767621623009{padding-top: 20px !important;padding-right: 50px !important;padding-bottom: 20px !important;}&#8221;][ct_heading text=&#8221;Partnerstwo oparte na profesjonalizmie i zaufaniu&#8221; font_weight=&#8221;&#8221; text_color=&#8221;#2E5688&#8243; subtitle=&#8221;Dla lekarzy &#8211; specjalistyczna wsp\u00f3\u0142praca mi\u0119dzygabinetowa&#8221; description=&#8221;Klinika Zagalak oferuje kompleksowe wsparcie dla lekarzy stomatolog\u00f3w poszukuj\u0105cych specjalistycznej wsp\u00f3\u0142pracy w z\u0142o\u017conych przypadkach klinicznych. Z 30-letnim do\u015bwiadczeniem podejmujemy si\u0119 leczenia pacjent\u00f3w skierowanych przez wsp\u00f3\u0142pracuj\u0105cych lekarzy, zapewniaj\u0105c najwy\u017csz\u0105 jako\u015b\u0107 us\u0142ug przy pe\u0142nym poszanowaniu relacji lekarz-pacjent.&#8221; description_line_height=&#8221;30&#8243; description_color=&#8221;#2E5688&#8243; margin_top=&#8221;25&#8243; margin_bottom=&#8221;16&#8243;][\/vc_column][vc_column width=&#8221;5\/12&#8243; css=&#8221;.vc_custom_1544860883634{padding-top: 0px !important;padding-bottom: 0px !important;}&#8221;][vc_single_image image=&#8221;926&#8243; img_size=&#8221;full&#8221; alignment=&#8221;right&#8221; css_animation=&#8221;none&#8221; css=&#8221;.vc_custom_1767021967028{margin-bottom: 0px !important;}&#8221; ct_image_align_md=&#8221;image_align_sm_center&#8221; ct_image_align=&#8221;image_align_xs_center&#8221;][\/vc_column][\/vc_row][vc_row full_width=&#8221;stretch_row&#8221; content_placement=&#8221;middle&#8221; css=&#8221;.vc_custom_1766346012695{padding-top: 30px !important;padding-bottom: 30px !important;background-color: #FFFFFF !important;}&#8221;][vc_column width=&#8221;5\/12&#8243; css=&#8221;.vc_custom_1544860883634{padding-top: 0px !important;padding-bottom: 0px !important;}&#8221;][vc_single_image image=&#8221;921&#8243; img_size=&#8221;full&#8221; alignment=&#8221;right&#8221; css_animation=&#8221;none&#8221; css=&#8221;.vc_custom_1767021993658{margin-bottom: 0px !important;}&#8221; ct_image_align_md=&#8221;image_align_sm_center&#8221; ct_image_align=&#8221;image_align_xs_center&#8221;][\/vc_column][vc_column width=&#8221;7\/12&#8243; ct_column_class=&#8221;rm-padding-lg&#8221; css=&#8221;.vc_custom_1544860888100{padding-top: 0px !important;padding-right: 50px !important;padding-bottom: 0px !important;}&#8221;][ct_heading text=&#8221;Precyzyjny model wsp\u00f3\u0142pracy&#8221; font_weight=&#8221;&#8221; text_color=&#8221;#2E5688&#8243; description=&#8221;Realizujemy powierzony etap leczenia zgodnie z najwy\u017cszymi standardami, utrzymuj\u0105c sta\u0142y kontakt z lekarzem prowadz\u0105cym. Po zako\u0144czonej procedurze pacjent wraca do swojego lekarza wraz z kompletn\u0105 dokumentacj\u0105 oraz indywidualnymi zaleceniami dotycz\u0105cymi dalszego post\u0119powania.&#8221; description_line_height=&#8221;30&#8243; description_color=&#8221;#2E5688&#8243; margin_top=&#8221;25&#8243; margin_bottom=&#8221;16&#8243;][\/vc_column][\/vc_row][vc_row full_width=&#8221;stretch_row&#8221; content_placement=&#8221;middle&#8221; css=&#8221;.vc_custom_1766345657505{background-color: #F1F8FF !important;}&#8221;][vc_column width=&#8221;7\/12&#8243; ct_column_class=&#8221;rm-padding-lg&#8221; css=&#8221;.vc_custom_1544860888100{padding-top: 0px !important;padding-right: 50px !important;padding-bottom: 0px !important;}&#8221;][ct_heading text=&#8221;Specjalizacje dost\u0119pne w ramach wsp\u00f3\u0142pracy&#8221; font_weight=&#8221;&#8221; text_color=&#8221;#2E5688&#8243; description_line_height=&#8221;30&#8243; description_color=&#8221;#000000&#8243; margin_top=&#8221;25&#8243; margin_bottom=&#8221;16&#8243;][vc_column_text css=&#8221;&#8221;]<\/p>\n<h3><strong>Implantologia zaawansowana<\/strong><\/h3>\n<p>Oferujemy pe\u0142en zakres zabieg\u00f3w implantologicznych, od pojedynczych implantacji po z\u0142o\u017cone rekonstrukcje implantoprotetyczne, wsparte zaawansowan\u0105 diagnostyk\u0105 obrazow\u0105 i precyzyjnym planowaniem cyfrowym.<\/p>\n<h3>Endodoncja mikroskopowa<\/h3>\n<p>Specjalizujemy si\u0119 w z\u0142o\u017conych przypadkach endodontycznych wykonywanych pod mikroskopem zabiegowym, co zapewnia najwy\u017csz\u0105 precyzj\u0119 i przewidywalno\u015b\u0107 rezultat\u00f3w.<\/p>\n<h3>Protetyka specjalistyczna<\/h3>\n<p>Realizujemy zaawansowane prace protetyczne z wykorzystaniem najnowszych materia\u0142\u00f3w i technologii, gwarantuj\u0105c doskona\u0142e efekty funkcjonalne i estetyczne.[\/vc_column_text][\/vc_column][vc_column width=&#8221;5\/12&#8243; css=&#8221;.vc_custom_1544860883634{padding-top: 0px !important;padding-bottom: 0px !important;}&#8221;][vc_single_image image=&#8221;920&#8243; img_size=&#8221;full&#8221; alignment=&#8221;right&#8221; css_animation=&#8221;none&#8221; css=&#8221;.vc_custom_1767021998732{margin-bottom: 0px !important;}&#8221; ct_image_align_md=&#8221;image_align_sm_center&#8221; ct_image_align=&#8221;image_align_xs_center&#8221;][\/vc_column][\/vc_row][vc_row full_width=&#8221;stretch_row&#8221; content_placement=&#8221;middle&#8221; css=&#8221;.vc_custom_1766346012695{padding-top: 30px !important;padding-bottom: 30px !important;background-color: #FFFFFF !important;}&#8221;][vc_column width=&#8221;5\/12&#8243; css=&#8221;.vc_custom_1544860883634{padding-top: 0px !important;padding-bottom: 0px !important;}&#8221;][vc_single_image image=&#8221;941&#8243; img_size=&#8221;full&#8221; alignment=&#8221;right&#8221; css_animation=&#8221;none&#8221; css=&#8221;.vc_custom_1767022024507{margin-bottom: 0px !important;}&#8221; ct_image_align_md=&#8221;image_align_sm_center&#8221; ct_image_align=&#8221;image_align_xs_center&#8221;][\/vc_column][vc_column width=&#8221;7\/12&#8243; ct_column_class=&#8221;rm-padding-lg&#8221; css=&#8221;.vc_custom_1544860888100{padding-top: 0px !important;padding-right: 50px !important;padding-bottom: 0px !important;}&#8221;][ct_heading text=&#8221;Korzy\u015bci wsp\u00f3\u0142pracy&#8221; font_weight=&#8221;&#8221; text_color=&#8221;#2E5688&#8243; description_line_height=&#8221;30&#8243; description_color=&#8221;#000000&#8243; margin_top=&#8221;25&#8243; margin_bottom=&#8221;16&#8243;][vc_column_text css=&#8221;&#8221;]<\/p>\n<ul style=\"color: #2E5688;\">\n<li>Kompleksowa opieka dla pacjent\u00f3w bez konieczno\u015bci inwestowania w specjalistyczny sprz\u0119t<\/li>\n<li>Wsparcie w z\u0142o\u017conych przypadkach wymagaj\u0105cych interdyscyplinarnego podej\u015bcia<\/li>\n<li>Dost\u0119p do zaawansowanych technologii diagnostycznych i terapeutycznych<\/li>\n<li>Pe\u0142na dokumentacja przeprowadzonych procedur<\/li>\n<li>Mo\u017cliwo\u015b\u0107 konsultacji i wymiany do\u015bwiadcze\u0144 klinicznych<\/li>\n<\/ul>\n<h5>Zapraszamy lekarzy stomatolog\u00f3w do nawi\u0105zania kontaktu w celu om\u00f3wienia szczeg\u00f3\u0142\u00f3w potencjalnej wsp\u00f3\u0142pracy. Razem mo\u017cemy zapewni\u0107 naszym pacjentom najwy\u017cszy standard opieki stomatologicznej.<\/h5>\n<p>[\/vc_column_text][\/vc_column][\/vc_row][vc_row full_width=&#8221;stretch_row&#8221; css=&#8221;.vc_custom_1766332733057{padding-top: 56px !important;padding-bottom: 120px !important;background-color: #F8FBFF !important;}&#8221;][vc_column width=&#8221;1\/2&#8243; ct_column_class=&#8221;rm-padding-md&#8221; css=&#8221;.vc_custom_1545195619725{padding-top: 64px !important;padding-right: 35px !important;}&#8221;][ct_contact_form id=&#8221;518&#8243; form_style=&#8221;modern&#8221; sub_title=&#8221;Masz pytania? Chcesz si\u0119 zapisa\u0107 na wizyt\u0119?&#8221; title=&#8221;Skontaktuj si\u0119 z nami&#8221;][\/vc_column][vc_column width=&#8221;1\/2&#8243; ct_column_class=&#8221;rm-padding-md&#8221; css=&#8221;.vc_custom_1545195625522{padding-top: 64px !important;padding-left: 35px !important;}&#8221;][vc_single_image image=&#8221;861&#8243; img_size=&#8221;full&#8221; alignment=&#8221;center&#8221; css=&#8221;.vc_custom_1766332765737{margin-bottom: 46px !important;}&#8221;][ct_heading text=&#8221;Klinika Zagalak&#8221; font_size=&#8221;50&#8243; font_size_md=&#8221;50&#8243; font_size_sm=&#8221;36&#8243; font_size_xs=&#8221;32&#8243; font_weight=&#8221;&#8221; description=&#8221;W Klinice Zagalak jako\u015b\u0107 nie jest celem \u2013 jest standardem. Ka\u017cdy etap leczenia, od pierwszej konsultacji po finaln\u0105 kontrol\u0119, realizujemy z najwy\u017csz\u0105 staranno\u015bci\u0105 i dba\u0142o\u015bci\u0105 o szczeg\u00f3\u0142y. Wykorzystujemy wy\u0142\u0105cznie sprawdzone materia\u0142y i technologie o potwierdzonej skuteczno\u015bci klinicznej. Bezpiecze\u0144stwo procedur medycznych weryfikujemy w oparciu o najnowsze badania naukowe i mi\u0119dzynarodowe standardy.&#8221; description_color=&#8221;#2E5688&#8243; margin_top=&#8221;4&#8243; margin_bottom=&#8221;20&#8243;][\/vc_column][\/vc_row]<\/p>\n<\/div>","protected":false},"excerpt":{"rendered":"<p>[vc_row full_width=&#8221;stretch_row&#8221; content_placement=&#8221;middle&#8221; css=&#8221;.vc_custom_1766345667121{padding-top: 50px !important;background-color: #F1F8FF !important;}&#8221;][vc_column width=&#8221;7\/12&#8243; ct_column_class=&#8221;rm-padding-lg&#8221; css=&#8221;.vc_custom_1767621623009{padding-top: 20px !important;padding-right: 50px !important;padding-bottom: 20px !important;}&#8221;][ct_heading text=&#8221;Partnerstwo oparte na profesjonalizmie i zaufaniu&#8221; font_weight=&#8221;&#8221; text_color=&#8221;#2E5688&#8243; subtitle=&#8221;Dla lekarzy &#8211; specjalistyczna wsp\u00f3\u0142praca mi\u0119dzygabinetowa&#8221; description=&#8221;Klinika Zagalak oferuje kompleksowe wsparcie dla lekarzy stomatolog\u00f3w poszukuj\u0105cych specjalistycznej wsp\u00f3\u0142pracy w z\u0142o\u017conych przypadkach klinicznych. Z 30-letnim do\u015bwiadczeniem podejmujemy si\u0119 leczenia pacjent\u00f3w skierowanych przez [&hellip;]<\/p>\n","protected":false},"author":1,"featured_media":0,"parent":0,"menu_order":0,"comment_status":"closed","ping_status":"closed","template":"","meta":{"footnotes":""},"class_list":["post-1035","page","type-page","status-publish","hentry"],"_links":{"self":[{"href":"https:\/\/zagalak.rezerwuj-zabieg.pl\/index.php?rest_route=\/wp\/v2\/pages\/1035","targetHints":{"allow":["GET"]}}],"collection":[{"href":"https:\/\/zagalak.rezerwuj-zabieg.pl\/index.php?rest_route=\/wp\/v2\/pages"}],"about":[{"href":"https:\/\/zagalak.rezerwuj-zabieg.pl\/index.php?rest_route=\/wp\/v2\/types\/page"}],"author":[{"embeddable":true,"href":"https:\/\/zagalak.rezerwuj-zabieg.pl\/index.php?rest_route=\/wp\/v2\/users\/1"}],"replies":[{"embeddable":true,"href":"https:\/\/zagalak.rezerwuj-zabieg.pl\/index.php?rest_route=%2Fwp%2Fv2%2Fcomments&post=1035"}],"version-history":[{"count":6,"href":"https:\/\/zagalak.rezerwuj-zabieg.pl\/index.php?rest_route=\/wp\/v2\/pages\/1035\/revisions"}],"predecessor-version":[{"id":1244,"href":"https:\/\/zagalak.rezerwuj-zabieg.pl\/index.php?rest_route=\/wp\/v2\/pages\/1035\/revisions\/1244"}],"wp:attachment":[{"href":"https:\/\/zagalak.rezerwuj-zabieg.pl\/index.php?rest_route=%2Fwp%2Fv2%2Fmedia&parent=1035"}],"curies":[{"name":"wp","href":"https:\/\/api.w.org\/{rel}","templated":true}]}}